
What is the tens digit of 87?
8
What is the ten thousands digit of 61030?
6
What is the hundreds digit of 114714?
7
What is the tens digit of 1533?
3
What is the hundreds digit of 998?
9
What is the ten thousands digit of 13781?
1
What is the units digit of 104?
4
What is the tens digit of 6204?
0
What is the thousands digit of 125564?
5
What is the tens digit of 454?
5
What is the units digit of 8307?
7
What is the units digit of 1420?
0
What is the tens digit of 33322?
2
What is the thousands digit of 3093?
3
What is the tens digit of 104689?
8
What is the units digit of 17694?
4
What is the units digit of 811?
1
What is the units digit of 6319?
9
What is the tens digit of 7576?
7
What is the units digit of 355?
5
What is the tens digit of 601?
0
What is the tens digit of 28?
2
What is the units digit of 4882?
2
What is the units digit of 6740?
0
What is the tens digit of 369?
6
What is the thousands digit of 3982?
3
What is the units digit of 2110?
0
What is the hundreds digit of 5220?
2
What is the tens digit of 3932?
3
What is the units digit of 507?
7
What is the thousands digit of 92594?
2
What is the units digit of 2279?
9
What is the ten thousands digit of 31315?
3
What is the units digit of 34024?
4
What is the hundreds digit of 11849?
8
What is the tens digit of 185?
8
What is the ten thousands digit of 29110?
2
What is the units digit of 513?
3
What is the units digit of 834?
4
What is the thousands digit of 15653?
5
What is the tens digit of 1335?
3
What is the units digit of 1110?
0
What is the hundreds digit of 120?
1
What is the ten thousands digit of 25693?
2
What is the tens digit of 1107?
0
What is the units digit of 1922?
2
What is the units digit of 480?
0
What is the ten thousands digit of 12458?
1
What is the units digit of 2285?
5
What is the hundreds digit of 11368?
3
What is the thousands digit of 5779?
5
What is the thousands digit of 1371?
1
What is the tens digit of 39049?
4
What is the thousands digit of 1337?
1
What is the hundreds digit of 66730?
7
What is the tens digit of 4647?
4
What is the tens digit of 2390?
9
What is the hundreds digit of 2051?
0
What is the tens digit of 53443?
4
What is the hundreds digit of 127746?
7
What is the hundreds digit of 1137?
1
What is the units digit of 129?
9
What is the hundreds digit of 35832?
8
What is the units digit of 29031?
1
What is the units digit of 1392?
2
What is the units digit of 4580?
0
What is the units digit of 57?
7
What is the hundreds digit of 1219?
2
What is the ten thousands digit of 16507?
1
What is the tens digit of 7406?
0
What is the units digit of 15856?
6
What is the thousands digit of 11748?
1
What is the units digit of 2555?
5
What is the hundreds digit of 2115?
1
What is the thousands digit of 26084?
6
What is the tens digit of 2175?
7
What is the hundreds digit of 288?
2
What is the tens digit of 1335?
3
What is the units digit of 20097?
7
What is the hundreds digit of 1997?
9
What is the thousands digit of 7364?
7
What is the ten thousands digit of 51782?
5
What is the units digit of 34968?
8
What is the units digit of 48370?
0
What is the thousands digit of 1197?
1
What is the units digit of 369?
9
What is the hundreds digit of 748?
7
What is the thousands digit of 6626?
6
What is the hundreds digit of 690?
6
What is the thousands digit of 3533?
3
What is the tens digit of 43354?
5
What is the tens digit of 5123?
2
What is the tens digit of 80315?
1
What is the units digit of 637?
7
What is the tens digit of 3097?
9
What is the units digit of 1422?
2
What is the thousands digit of 3617?
3
What is the hundreds digit of 19583?
5
What is the ten thousands digit of 13310?
1
What is the ten thousands digit of 34827?
3
What is the units digit of 4369?
9
What is the hundreds digit of 4232?
2
What is the tens digit of 9181?
8
What is the tens digit of 2522?
2
What is the thousands digit of 13105?
3
What is the tens digit of 10092?
9
What is the thousands digit of 55793?
5
What is the units digit of 8252?
2
What is the hundreds digit of 3037?
0
What is the thousands digit of 48104?
8
What is the thousands digit of 6820?
6
What is the hundreds digit of 22931?
9
What is the tens digit of 70606?
0
What is the hundreds digit of 2068?
0
What is the hundreds digit of 2905?
9
What is the thousands digit of 2101?
2
What is the hundreds digit of 1318?
3
What is the tens digit of 434?
3
What is the hundreds digit of 2922?
9
What is the thousands digit of 32606?
2
What is the units digit of 22287?
7
What is the thousands digit of 39801?
9
What is the units digit of 38576?
6
What is the thousands digit of 2417?
2
What is the tens digit of 1682?
8
What is the units digit of 9134?
4
What is the thousands digit of 7081?
7
What is the hundreds digit of 5035?
0
What is the ten thousands digit of 28152?
2
What is the units digit of 1021?
1
What is the tens digit of 6490?
9
What is the tens digit of 17473?
7
What is the hundreds digit of 4475?
4
What is the units digit of 14539?
9
What is the hundreds digit of 32421?
4
What is the ten thousands digit of 180352?
8
What is the tens digit of 4381?
8
What is the tens digit of 2349?
4
What is the units digit of 5815?
5
What is the units digit of 9815?
5
What is the hundreds digit of 73537?
5
What is the units digit of 39?
9
What is the thousands digit of 1231?
1
What is the units digit of 6206?
6
What is the ten thousands digit of 39358?
3
What is the tens digit of 12?
1
What is the units digit of 116102?
2
What is the tens digit of 1497?
9
What is the ten thousands digit of 16514?
1
What is the hundreds digit of 2881?
8
What is the hundreds digit of 636?
6
What is the units digit of 131?
1
What is the tens digit of 4164?
6
What is the tens digit of 1282?
8
What is the units digit of 16816?
6
What is the hundred thousands digit of 159193?
1
What is the tens digit of 375?
7
What is the tens digit of 6121?
2
What is the hundred thousands digit of 110174?
1
What is the thousands digit of 1773?
1
What is the units digit of 2483?
3
What is the thousands digit of 3342?
3
What is the thousands digit of 5559?
5
What is the tens digit of 10654?
5
What is the units digit of 12?
2
What is the units digit of 1522?
2
What is the hundreds digit of 255?
2
What is the hundreds digit of 7425?
4
What is the tens digit of 27540?
4
What is the thousands digit of 28176?
8
What is the units digit of 10348?
8
What is the hundreds digit of 68385?
3
What is the units digit of 1205?
5
What is the hundreds digit of 707?
7
What is the tens digit of 1501?
0
What is the hundreds digit of 1734?
7
What is the thousands digit of 57742?
7
What is the units digit of 3040?
0
What is the thousands digit of 3472?
3
What is the ten thousands digit of 38871?
3
What is the hundreds digit of 3493?
4
What is the tens digit of 15163?
6
What is the tens digit of 8755?
5
What is the units digit of 131?
1
What is the units digit of 7446?
6
What is the hundreds digit of 330?
3
What is the units digit of 38236?
6
What is the thousands digit of 6388?
6
What is the units digit of 5360?
0
What is the tens digit of 450?
5
What is the units digit of 1308?
8
What is the units digit of 299?
9
What is the hundreds digit of 2664?
6
What is the tens digit of 180100?
0
What is the hundreds digit of 7413?
4
What is the hundreds digit of 22350?
3
What is the tens digit of 10683?
8
What is the units digit of 5959?
9
What is the units digit of 12480?
0
What is the tens digit of 695?
9
What is the units digit of 42873?
3
What is the ten thousands digit of 24350?
2
What is the hundreds digit of 1390?
3
What is the ten thousands digit of 125609?
2
What is the thousands digit of 48385?
8
What is the thousands digit of 9259?
9
What is the thousands digit of 4187?
4
What is the tens digit of 1327?
2
What is the hundreds digit of 100307?
3
What is the units digit of 1685?
5
What is the hundreds digit of 631?
6
What is the thousands digit of 5074?
5
What is the hundreds digit of 99352?
3
What is the thousands digit of 19459?
9
What is the units digit of 154?
4
What is the tens digit of 3083?
8
What is the thousands digit of 27798?
7
What is the thousands digit of 1842?
1
What is the hundreds digit of 56991?
9
What is the hundreds digit of 9718?
7
What is the hundreds digit of 166?
1
What 